?
-9
What is 15 + (-27 - 15) + 14?
-13
What is -6 - -9 - -7 - -1 - -12?
23
Calculate 19 - 1 - (597 - 585).
6
What is 1 - 0 - (22 + 7 + (7 - 26))?
-9
-6 - (3 - 18 - -23) - (-3 + -1)
-10
What is -1226 + 1207 + (2 - 1 - 7)?
-25
-15 + 0 - -10 - -14 - (-1 + 2)
8
Calculate 41 + 7 + -10 - (7 - (-1 - 2)).
28
What is -2 - (-6 - (33 + -15))?
22
What is the value of 16 - (-7 - (-18 + -16))?
-11
Calculate -64 + 20 + 32 + 16.
4
Calculate (1 - (18 - -3)) + (-27 - (-47 - -23)).
-23
4 + (8 - (25 - 5))
-8
Calculate 4 - ((0 - 7 - -7) + 6).
-2
4 + (-177 - -142) + -1 + (9 - 0)
-23
What is 15 - (-9 + -9 + 31)?
2
Calculate (4 - 24) + (-24 - -54).
10
What is -39 + 48 + (-5 - 5) + -3?
-4
Evaluate 32 + -32 + (-5 + 0 - -6).
1
What is 0 - (26 - (44 - 5))?
13
(57 - 23) + 6 - 26
14
(-29 + 52 - 31) + -3 + (1 - 2)
-12
Evaluate 22 - (0 + (10 - -5)) - (1 + -13).
19
What is the value of (-11 + (-1 - 3) - (9 - 19)) + -18?
-23
What is (-7 + 22 - 7 - 8 - 19) + 5?
-14
Evaluate -2 - (1 - -2 - (17 - -3)).
15
What is 15 + (13 - (-9 + 11) - 36)?
-10
What is 2 + 13 + (-37 - -12)?
-10
-62 - (-2 - (8 + 20))
-32
Calculate (11 - (26 - -12)) + -2.
-29
Calculate 19 - 12 - (1 + 27) - -4.
-17
Calculate 1 + (-4 - -2) - (83 + -80) - -5.
1
What is -7 - -1 - (3 - (7 - -8))?
6
Evaluate 2 + 0 + 1 + (-107 - -95).
-9
What is -9 - (5 + -9 + 10)?
-15
5 + (0 - (-4 + -23 + 7 + -2))
27
Evaluate 4 + -7 + 13 + -3.
7
Calculate 0 - -28 - (-305 - -338).
-5
What is the value of 4 + (-12 - -10 - 23) - -8?
-13
What is the value of 7 + (-1 + -1 - -1) + (-7 - 0)?
-1
What is the value of -15 + (7 - 2) + 1?
-9
What is the value of -22 + 20 - -19 - (-1 + -2)?
20
What is 3 + -50 + -174 + 214?
-7
What is 2 + -3 - ((0 - (1 - 1)) + -14)?
13
Calculate 13 + -34 - (-17 + -5).
1
Calculate -21 + (-1 - -5) + 1 + 7 + -2.
-11
Evaluate 1 + (-15 + 18 - 16).
-12
Evaluate (-81 - -95) + (-11 - -1).
4
Evaluate 19 + (2 - -7) - 32.
-4
What is the value of 10 + -9 + (-3 - -3) + 2 + -12?
-9
-1 + 3 + -9 + 3 + 0 - 6
-10
-13 - ((7 - (6 + -1) - 8) + 6)
-13
What is -1 + 18 - -5 - (3 - 5) - 4?
20
What is 8 + 24 + -52 - -24?
4
0 + 1 + 2 - (443 + -427)
-13
Calculate -14 + -12 + 30 - -15.
19
What is (28 - 4) + -42 - -14?
-4
2 - (34 - 23 - -18)
-27
10 + 2 - (26 - 19) - 24
-19
-2 - (-7 - -8) - 9 - -6 - -4
-2
What is the value of 3 + (-48 - -51 - (-30 + 3))?
33
Evaluate (-11 - -31) + -15 + (-8 - 2).
-5
What is the value of 1 + (-13 - -3) + 20?
11
Evaluate -96 - -147 - (-4 + 29).
26
What is the value of (8 - (5 + -2) - -3) + -29 + 7?
-14
What is (-9 - (49 - 47)) + -13?
-24
-21 + (7 - (-1 + -10)) + -7
-10
Evaluate 0 + 11 + 11 - (-17 - -19).
20
What is (-5 + -1 - (-17 - -17)) + -3?
-9
What is -1 - (-8 - -14 - 2) - (-1 + 15)?
-19
What is -2 + (1 - -11) + -54 + 37?
-7
Evaluate 2 + 2 + 6 + 5 + (-11 - -2).
6
What is -2 + 6 + (-11 - -8) - (32 - 35)?
4
Evaluate 9 - (4 - 2) - (-2 + 22 + -23).
10
What is the value of -1 - (-4 + (-8 - -16) + -3)?
-2
29 - (15 - 14 - 10 - -6)
32
Calculate 1 + (12 - 18) + 6.
1
What is (-47 - -14 - -15) + 1 + 1 + 0?
-16
-1 + 12 + (7 - 0) + 4
22
2 + -6 + 2 + (-23 - -3)
-22
3 + 4 + 3 - (-48 + 45)
13
Calculate -24 + -39 + 71 + -40.
-32
Calculate 642 - 636 - (34 - 1).
-27
Calculate 10 - (-6 - (13 - (19 + -3))).
13
51 + -68 + (3 + -6 + 3 - -7)
-10
47 + -31 + -7 + (0 - (-1 - 13))
23
What is the value of 1 + (-4 + 9 + -5 - 3) - 7?
-9
Evaluate 5 - 1 - (4 + 4 + (8 - 11)).
-1
Evaluate 33 + (23 - 43) + (-43 - -1).
-29
Calculate 8 - (19 + -1 + -7) - 14.
-17
Evaluate 0 + 0 + -8 - (3 - -3 - 5).
-9
Calculate (3 - (19 - -1)) + 0 + (-32 - -36).
-13
Calculate 3 + 2 + -2 - (-10 + 10 + -3).
6
Evaluate 2 - (-19 - (0 + -14)).
7
Calculate 103 - 55 - (3 + 24).
21
What is the value of (4 - 7) + -12 + 5?
-10
1 + 1 + 4 + (330 - 339) + 0
-3
What is the value of (1 - 2 - -6) + (25 - 25) - 3?
2
Evaluate 7 - 6 - (69 + -66).
-2
Calculate 4 + (11 - (7 + -4)) - 1.
11
What is 1 - 0 - -14 - (3504 - 3528)?
39
What is the value of 0 + (-34 - -3) - -23?
-8
Evaluate -17 + (0 - (-1 + -4) - (14 + -13)).
-13
Calculate (2 - (-10 + 33 - 12)) + (0 - 20).
-29
Calculate -4 + (-2 - -2) - 4.
-8
What is -4 + -11 - (-25 - 3 - -32)?
-19
What is 28 + -8 + -18 + 5 + -17 + 0?
-10
Evaluate -1 + (-11 - (-4 - -1) - (5 - 10)).
-4
Evaluate 2 + -15 - (179 - 210).
18
Evaluate 26 + (-3 - (3 + 12)).
8
What is (-149 - -115) + -2 + 20?
-16
Calculate -1 - (-3 + 4 + 1 - 15).
12
What is the value of 9 - (-3 - 1 - (-1 + -1 - 0))?
11
What is the value of 0 + -16 - (-167 + 160)?
-9
What is the value of (5 - (-3 + -5)) + (16 - 11 - -4)?
22
Calculate 48 - 60 - (0 + 3 - (1 - -4)).
-10
Evaluate (1 - -3) + (-210 - -193).
-13
What is -17 + (17 - 1) - -6?
5
Evaluate 460 + -428 - (36 + 1).
-5
19 + (5 - 17) + -2
5
What is 14 + (4 - 0) - (-1 + -2 + -4)?
25
What is the value of 8 - 2 - (15 + 2) - -35?
24
Calculate 33 + -1 - (9 - (7 - -13) - -19).
24
What is 44 + -2 - (-36 + 47)?
31
What is -7 - ((10 - 4) + (8 + 0 - 3))?
-18
Evaluate (9 - (4 - (-1 + 2))) + 57 + -90.
-27
(-42 - -4 - 11) + 24
-25
What is the value of -7 - ((1 - 36 - 0) + (24 - 13))?
17
4 + (22 - 16) + -26 + 23
7
-2 + 10 - (13 + 19)
-24
What is -11 + 6 + -4 + -52 + 49?
-12
What is the value of 26 - (2 - (24 - 55))?
-7
Calculate (16 - 1) + -31 - 10.
-26
0 + -2 + 197 + -198 - (4 - 2)
-5
What is (-5 + 13 + -7 - (10 - -1)) + 4?
-6
26 - 19 - (-12 + -12)
31
-4 + (-7 - -18) - (4 - 2 - -12)
-7
-5 - (-8 + 10) - 0 - 12
-19
Evaluate (4 - 18 - -8) + 14 + (3 - -3).
14
(-15 - (-38 - -31)) + (-12 - 2)
-22
Calculate 18 + -15 + (-79 - -63).
-13
Evaluate (-9 + 1 - -15 - 37) + 6.
-24
Calculate -2 + 14 - (-55 + 18 + 56).
-7
What is the value of -3 + -13 + -4 + 14?
-6
Calculate -9 - (-23 + 34 - 17).
-3
What is the value of (1 - 22) + 18 + -4?
-7
What is the value of -3 + -33 + (11 - -23)?
-2
Evaluate 12 + (-27 - (-38 - -25)).
-2
Calculate (52 + -53 - (0 - 2)) + -12 + 30.
19
What is -3 + (-11 - -13 - (4 - (2 + 2)))?
-1
Calculate 9 + 6 + -3 - 1 - (-186 - -186).
11
Calculate -13 + (24 - -6) + -9.
8
What is the value of -2 - 18 - (7 - (24 + -10))?
-13
What is 30 + (-25 - (-28 + 21))?
12
Evaluate 28 + -34 + 3 + (-1 + 3 - -2).
1
(6 - (8 + -7) - -4) + -4
5
Calculate 5 + 3 + (16 - 2) + -8 + 0.
14
What is the value of -22 - (-14 + 33) - -24?
-17
What is 1 + -17 + 27 + -13?
-2
(-14 + 9 + -1 - 3) + 1 + -1
-9
Evaluate 12 - (8 + (-9 + 0 - -1)).
12
What is -24 + 3 - (-92 - -61)?
10
Calculate 6 + -15 + 0 + 15.
6
Evaluate (4 - 15 - 7) + 3.
-15
-9 - (-11 - 42) - 23
21
Evaluate 6 + 2 + 622 + -628.
2
What is -8 + -27 + 14 + (-2 - -7)?
-16
0 + (1 - -1) + 5 + -3
4
Evaluate -27 + (26 - -4) - (2 + -2 - 13).
16
Calculate (112 - (-55 - -178)) + -1 + -14 + 0.
-26
What is the value of 28 + -7 + -12 - (-9 + 4)?
14
What is the value of -6 + 2 + -4 + 3176 + -3204?
-36
What is the value of 5 + 1 + -4 - 4 - (8 + 3)?
-13
3 + (-1 - -10) + 41 + (-28 - 7)
18
Calculate -46 - 4 - -26 - -9.
-15
What is the value of 0 + (-1 - 3) - (-9 + 3 + 12)?
-10
Calculate 16 + (3 - 15) + (4 - 1) + 2.
9
What is -5 - (2 + -4) - (3 + 1 + -1)?
-6
What is the value of -18 + 1 - (-348 - -311)?
20
5 - 1 - ((-23 - -4) + 11 - -39)
-27
Evaluate 1 + -8 - (-10 + 3 - -9 - -3).
-12
Evaluate (-4 - (-1 + 0)) + (-34 + 83 - 40).
6
36 + 41 + -28 + -16
33
Calculate -7 + (18 - 27) + -2 + 9.
-9
(-9 + 6 - -8) + 10
15
What is the value of -36 - (34 - (15 + 48))?
-7
What is the value of 26 + -9 + -11 + 6 + 2?
14
Evaluate -5 + 22 + -13 + (4 - -1).
9
What is -20 - 1 - (1 - (-20 + 32))?
-10
What is (-5 - -5) + 10 + 0 + -1 + 2?
11
What is the value of 16 + 9 + (10 - 28) + (3 - -4)?
14
What is 33 + (8 - 16 - -23) + -27?
21
What is (-12 + 2 + -6 + 10 - -14) + -18?
-10
Evaluate 6 + -6 + 7 + -22 + 5 + -7.
-17
What is -1 + 10 + (-3 - 9) + 9?
6
What is the value of (-1 - -1) + (3 - -5) - 1?
7
What is the value of (17 - 36) + 34 - 9?
6
Calculate -6 - (-5 - (3 + -3)).
-1
What is the value of 8 + (-3 - 9 - -8) - (25 - 1)?
-20
Calculate 4 + (-3 + -22 - (-22 + 13)) - 8.
-20
What is -3 + 11 + -5 + (8 + -15 - 13)?
-17
What is the value of 21 - (-1 + 38 + -7)?
-9
What is the value of (2 - 12) + (-37 - -48)?
1
-62 + 38 - (4 + -42)
14
Evaluate (-5 - -1) + (21 - (12 + 0)).
5
What is the value of (-8 - ((8 - -1) + -24)) + -10 - 4?
-7
What is ((13 - -1) + (182 - 185) - 3) + 6?
14
(-4 - (3 + -23)) + (10 - -3)
29
What is the value of 8 + (8 - (9 - -7)) + -26?
-26
Calcula